*f. Determine z(f).
9
Let r(v) = v**3 - 5*v**2 + 5*v - 4. Suppose c = 2*c - 22. Suppose -q - c = -3*q. Suppose 4*b = -u + q, -u = -3*u - 2. Calculate r(b).
-7
Let t(u) be the second derivative of 0 - 1/4*u**4 + 1/6*u**3 + 7*u + 1/2*u**2. Let k be (-1*(-2 + 1))/(-1). Give t(k).
-3
Let q(u) be the third derivative of u**4/8 - 5*u**3/3 - 29*u**2. Determine q(7).
11
Let o(a) = a + 5. Let r(u) = u - 9. Let j = -9 - -13. Let f be r(j). Determine o(f).
0
Let a(i) = -i**3 + 6*i**2 - 6*i. Suppose -2*t - 4*o + 1 = -27, -48 = -3*t - 4*o. Suppose 5*f + 9 = -4*n, 2*f + t = -2*f. Calculate a(n).
8
Let u(p) be the first derivative of 3*p**2/2 + 2*p - 25. What is u(4)?
14
Suppose 3*m = 3*t - 6, 4*t - 3 = 3*m + 9. Let d = t + -4. Suppose -5*w + 27 = j, -w + 9 = j + d. Let h(f) = -f + 2. Determine h(w).
-3
Let v(t) = -8*t**3 - t**2 - 2*t - 1. Suppose -2*c + 4*a = -5*c - 19, 3*c - 3*a = 9. Calculate v(c).
8
Let g(s) = -s**2 - 3*s + 4*s + 2 - 3. Let y = -8 + 11. Let z = 3 - y. Calculate g(z).
-1
Let n = 3 - 0. Let w = 15 - 11. Let t(b) = -3 + n*b + 0*b - w*b + b**2. Calculate t(3).
3
Let v = -24 + 12. Let z = v - -13. Let j(g) = -8*g**2 - g + 1. Give j(z).
-8
Let z(r) be the first derivative of r**4/6 + 5*r**3/6 + r**2 + 8. Let q(h) be the second derivative of z(h). Give q(-5).
-15
Let c(s) = -s**3 + 3*s**2 + 6*s - 4. Let j = -4 - -1. Let x be ((-4)/(-6) - 2)*j. Determine c(x).
4
Let x(a) be the second derivative of a**5/120 - a**4/12 - a**3/3 + a. Let r(d) be the second derivative of x(d). Give r(5).
3
Let w(p) be the first derivative of 1/2*p**2 - 1 - p. Give w(-5).
-6
Let c be 3*8/6*-1. Let m(r) = r**3 - 2 - 2*r - 4*r - r**2 + 0 + 3*r**2. What is m(c)?
-10
Let q = -9 - -5. Let p(s) = s**2 + 2*s - 2. Calculate p(q).
6
Let n(o) = o**3 + o**2 - o + 3. Let m(b) = 3*b**3 + 3*b**2 - 4*b + 9. Let u(p) = -2*m(p) + 7*n(p). Calculate u(0).
3
Let d = -21 - -21. Let w(x) be the second derivative of 0*x**4 + 0 + 2*x - 1/20*x**5 + d*x**3 + 2*x**2. Calculate w(0).
4
Let m = 14 - 18. Let b = 1 + m. Let c(h) = 2*h. What is c(b)?
-6
Let k = 18 + -25. Let b(j) = 4*j**2 + 18*j - 16. Let n(g) = g**2 + 6*g - 5. Let w = -3 - -5. Let x(l) = k*n(l) + w*b(l). Determine x(2).
-5
Let c(m) be the third derivative of -m**4/24 + 54*m**2. What is c(2)?
-2
Let x(t) = t**3 + 6*t**2 - 4*t + 8. Let h = 2 - 9. Calculate x(h).
-13
Let y(h) = 9*h - 21. Let r(v) = -5*v + 10. Let l(i) = -7*r(i) - 4*y(i). Calculate l(7).
7
Let w(y) = 0*y**3 + 3*y**3 + 7 + 2*y + 7*y**2 - 2*y**3 + 6*y. Calculate w(-6).
-5
Let j(l) = 2*l**2 + 2*l - 1. Let o(y) = y - 9. Let c be o(7). Determine j(c).
3
Let w(y) = y**2 - 5*y + 2. Let i be 136/36 - 2/(-9). Let u be (1/3)/(i/60). Suppose u*f = f - 5*a - 3, -12 = f + 5*a. Calculate w(f).
-4
Let q(z) = z**2 + 4*z - 2. Suppose -5 - 5 = -2*w. Let s be 1 - 6 - (4 - w). What is q(s)?
-2
Let t(b) = b**3 + 15*b**2 - 2*b - 29. Let w be t(-15). Let g(s) = 3*s**2 + 2*s - 1. Calculate g(w).
4
Let r(d) = 8*d**2 - 10*d + 34*d - 6 + d**3 - 17*d. Calculate r(-7).
-6
Let w(r) = -r**2 - 3*r - 5. Let v be w(-3). Let p(z) = z**2 + 3*z - 5. Give p(v).
5
Let i be (-8)/20*15/6. Let p(k) be the second derivative of -3*k**5/40 + k**4/24 + k**3/6 + 2*k. Let b(f) be the second derivative of p(f). Determine b(i).
10
Let w(k) = -k**3 - 3*k**2 + 4*k + 5. Let o(s) = s**3 + 4*s**2 - 5*s - 6. Let p(r) = 2*o(r) + 3*w(r). Determine p(-2).
3
Let k(i) be the second derivative of -i**3/6 - 9*i**2/2 + i. Let a be k(7). Let s be a/4 + (-2)/(-2). Let c(x) = -x - 4. Give c(s).
-1
Suppose -26*q - 78 = -13*q. Let k(c) = c**2 + 4*c - 6. Determine k(q).
6
Let z be -3 + -2 + 4 + 9. Let v be (12/8)/((-6)/z). Let c(n) = n - 1. Calculate c(v).
-3
Let h(f) = 8*f**3 + 7*f - 3*f**2 + 5 - 9*f**3 - 2*f + 3*f. Calculate h(-5).
15
Let g(u) = u - 1. Let f(c) = -2*c**2 - 11*c + 13. Let n(h) = -h**2 - 5*h + 7. Let t(d) = 2*f(d) - 5*n(d). Let m(j) = -6*g(j) + t(j). Give m(5).
7
Let o(d) = -2*d**2 - 3*d - 2. Let z be 418/152 - (-1)/(-1 - -5). What is o(z)?
-29
Let r(b) = -2*b**2 - 4*b**2 + 5*b**2 + 0 + 3. Determine r(-3).
-6
Suppose 2*h + 5 = -3*h. Suppose 0 = p + 2 - 5. Let k(w) = -7*w**2 - p*w + 3*w. Calculate k(h).
-7
Let j(s) = 2*s**2 + 5*s + 7. Let a be ((-4)/36*-3)/(3/(-45)). What is j(a)?
32
Let a(p) = -p - 4. Let f(g) = -1. Let j(x) = a(x) - 3*f(x). Let w be j(-1). Let o(v) be the third derivative of -v**5/60 - v**3/2 + 2*v**2. Give o(w).
-3
Let m = 4 - 8. Let i(y) = -y. Let b(v) = 6*v + 1. Let w(u) = m*i(u) - b(u). Let h = -37 - -39. Calculate w(h).
-5
Let q(j) = -j**3 + 3*j - 5. Let i(f) = f**3 - 4*f + 5. Let r(t) = 3*i(t) + 4*q(t). Let z be (2*-2)/(12/(-18)). Let v be -4*3/z + 2. What is r(v)?
-5
Let q(j) = j**2 + 5*j - 3. Let t be (-2)/6*6/1. Let z(v) = 3*v. Let n be z(t). Give q(n).
3
Let y(q) = 2*q - 2. Let n be (-3)/(-1) + -4 + 10. Suppose n - 5 = w. Calculate y(w).
6
Let v(q) = 3*q - 9. Let g = -22 + 28. What is v(g)?
9
Let m(c) = -c - 10. Let z = 66 + -66. Calculate m(z).
-10
Let l(u) = u**2 + u + 1. Suppose -5*n - 2 = 13. Let j(h) = 3*h**2 - 3*h - 4. Let r(t) = n*l(t) - j(t). Calculate r(-1).
-5
Suppose 2*k = 4*k + 2. Let n be 2/(k - 10/(-6)). Let i(w) = -w + 2. Determine i(n).
-1
Let y(m) = -2*m - 2. Let n(k) = 3*k + 4. Let f(h) = 3*n(h) + 5*y(h). Calculate f(0).
2
Suppose n = 5*t + 23, 5*t = 2*n - 30 + 9. Let x = n - -1. Let d(a) = 3*a**2 + a - 3. Let h(l) = 6*l**2 + 3*l - 7. Let z(o) = 5*d(o) - 2*h(o). Calculate z(x).
3
Let c(z) = 6*z**3 + z**2 + z. Suppose 3*o - 5 = -2*o. Let n = 0 - o. Let i = n - 0. Determine c(i).
-6
Let t(n) = 2*n + n**3 - 6*n**2 + 0*n**3 + 0*n**3 - 4 - 3. Determine t(6).
5
Let n(p) be the third derivative of -p**7/2520 + p**6/144 - p**5/30 - p**4/12 + 2*p**2. Let l(z) be the second derivative of n(z). Give l(5).
-4
Let o(j) = -j**2 + 7*j - 5. Suppose -6*b = -b - 10. Let p(w) = 4*w**2 - w**3 + w**b + 0*w**3 + w. Let y be p(5). What is o(y)?
5
Let g(i) = 5*i - 5. Let w(r) = -2*r + 2. Let x(m) = -3*g(m) - 7*w(m). Let s be ((-6)/(-4))/(3/(-4)). What is x(s)?
3
Let u(l) = -2*l + 6. Let v(o) = 4*o - 11. Let b(m) = -5*u(m) - 2*v(m). What is b(6)?
4
Let p(u) = -2*u + 12. Let m be p(8). Let l be (m/12)/((-2)/6). Suppose -6 + l = -w. Let v(q) = q**2 - 7*q + 6. What is v(w)?
-4
Let r(d) = 0 + d**2 - 3*d + 6 - 6*d + 2. Let j be r(8). Let k(u) = u**2 - 2 - u - 3 - u**3 + 2*u**3. Give k(j).
-5
Let v(t) = 3*t**3 + t**2 - t - 1. Suppose -3*r + 24 = -3*g, -r = r + 2*g. Suppose 0 = 4*p - s - 3, 5*p - s = r*p. Let n be p + (-1)/((-3)/(-6)). Calculate v(n).
-2
Let q(i) = -i**3 - 2*i**2 + 9*i - 10. Let a(f) = 2*f - 11. Let d(b) = -b + 5. Let o(t) = -4*a(t) - 9*d(t). Let k(l) = -6*o(l) + q(l). Determine k(-3).
-4
Let l = -4 + 6. Let s(z) = 6*z**2 - 7*z**2 + 1 + z + 5*z**l + 5*z**2. Suppose 0 = -2*n - 3*m + 7, -4*m + 0*m = -12. Give s(n).
9
Suppose o + 7 = 4*v, -4*o + 3 = 3*v - 26. Suppose -4*s + 3*d = -2*s - 16, -2*s = 5*d + 16. Let l(u) = 0*u**s - 5*u + u**2 - u + 4. Calculate l(o).
-1
Let f(h) = h**2 + 5*h - 3. Let r be (-21)/14*(-16)/(-6). Determine f(r).
-7
Let r(k) be the first derivative of k**4/4 + k**2/2 + 3. Calculate r(-2).
-10
Let w(v) = 6*v - 1. Let l(h) = -h. Let k(t) = 4*l(t) + w(t). Let o = 2 + -2. Let i be (o - 1)/(4/(-16)). Give k(i).
7
Let s be (0 - 0)*2/4. Let j(x) = -6*x - 4*x**2 + 8*x - 3*x + 6. Let k(u) = -3*u**2 - u + 6. Let h(c) = 4*j(c) - 5*k(c). What is h(s)?
-6
Let o(p) = p**3 + 5*p**2 + 3*p - 5. Suppose -6*z - 11 = 13. Calculate o(z).
-1
Let o(d) = -49*d - 44*d + 95*d. Let s be 1/((-1)/4)*1. Give o(s).
-8
Let y = -56 + 62. Let o(d) = d**3 - 4*d**2 - 2*d**2 + 0 + 1. Determine o(y).
1
Let r(q) = q + 1. Suppose -3*y + 18 = -4*l - l, 4*l = -12. Let s be r(y). Suppose 0 = -j - s. Let f(m) = -m**2 + m + 2. Give f(j).
-4
Let u(t) = -4*t + 1. Let d = -7 - -8. Calculate u(d).
-3
Let p(w) be the second derivative of w**6/720 + 3*w**5/40 + w**4/3 + 8*w. Let v(n) be the third derivative of p(n). What is v(-5)?
4
Let q(i) be the third derivative of i**5/60 - i**3 - 42*i**2. Determine q(0).
-6
Let j(k) = -k - 1 - 3*k + 5*k. Let t be 5 + 1 - (-3 + 4). Give j(t).
4
Let i(j) be the third derivative of 0*j + 1/20*j**5 + 1/120*j**6 - 5/24*j**4 - 1/6*j**3 - j**2 + 0. Suppose 2 = -2*f - 5*q - 6, 0 = f - q + 4. Determine i(f).
3
Let c(m) be the second derivative of m**4/12 - 2*m**3/3 - 2*m**2 - 33*m + 4